{"id":326,"date":"2021-10-15T19:10:58","date_gmt":"2021-10-15T19:10:58","guid":{"rendered":"https:\/\/www.economic-instability.com\/?page_id=326"},"modified":"2024-06-06T13:55:25","modified_gmt":"2024-06-06T13:55:25","slug":"les-auteurs","status":"publish","type":"page","link":"https:\/\/www.economic-instability.com\/?page_id=326","title":{"rendered":"Les Auteurs"},"content":{"rendered":"<p><img loading=\"lazy\" decoding=\"async\" class=\"size-medium wp-image-1043 alignleft\" src=\"https:\/\/www.economic-instability.com\/wp-content\/uploads\/2024\/06\/M-assous-1-300x200.jpeg\" alt=\"\" width=\"300\" height=\"200\" srcset=\"https:\/\/www.economic-instability.com\/wp-content\/uploads\/2024\/06\/M-assous-1-300x200.jpeg 300w, https:\/\/www.economic-instability.com\/wp-content\/uploads\/2024\/06\/M-assous-1.jpeg 400w\" sizes=\"(max-width: 300px) 100vw, 300px\" \/>Micha\u00ebl Assous est professeur d&#8217;\u00e9conomie \u00e0 l&#8217;Universit\u00e9 Lumi\u00e8re Lyon 2, France. Il coordonne depuis 2017 le p\u00f4le de recherche consacr\u00e9e \u00e0 l&#8217;histoire de l&#8217;\u00e9conomie \u00e0 Triangle, dont la mission est de promouvoir et de soutenir la recherche et l&#8217;enseignement de l&#8217;histoire de l&#8217;\u00e9conomie en France. Ses principaux int\u00e9r\u00eats de recherche portent sur l&#8217;histoire de la macro\u00e9conomie. Ses travaux ant\u00e9rieurs, dont une grande partie portait sur l&#8217;\u00e9conomiste polonais Michal Kalecki, abordaient les composantes analytiques de l&#8217;\u00e9conomie. Son ann\u00e9e pass\u00e9e au HOPE Center en 2012-2013 lui a offert une nouvelle exp\u00e9rience dans ses travaux sur l&#8217;histoire de l&#8217;\u00e9conomie. Depuis lors, profitant des archives visit\u00e9es lors de son s\u00e9jour, il utilise ces documents dans ses projets de recherche, qui traitent de l&#8217;instabilit\u00e9 et de l&#8217;histoire r\u00e9cente de la macro\u00e9conomie, en pr\u00eatant attention aux articles de Robert Solow, Franco Modigliani, Oskar Lange et Paul Samuelson. En 2012, il a re\u00e7u le prix du jeune chercheur de l&#8217;ESHET (Soci\u00e9t\u00e9 europ\u00e9enne d&#8217;histoire de la pens\u00e9e \u00e9conomique). Plus d&#8217;informations peuvent \u00eatre trouv\u00e9es sur sa <a href=\"http:\/\/triangle.ens-lyon.fr\/spip.php?article7167\">page officielle<\/a>.<\/p>\n<p>&nbsp;<\/p>\n<p>E-mail:\u200b michael.assous@univ-lyon2.fr<\/p>\n<p><img loading=\"lazy\" decoding=\"async\" class=\"size-medium wp-image-1042 alignleft\" src=\"https:\/\/www.economic-instability.com\/wp-content\/uploads\/2024\/06\/V-Carret-1-300x225.jpeg\" alt=\"\" width=\"300\" height=\"225\" srcset=\"https:\/\/www.economic-instability.com\/wp-content\/uploads\/2024\/06\/V-Carret-1-300x225.jpeg 300w, https:\/\/www.economic-instability.com\/wp-content\/uploads\/2024\/06\/V-Carret-1.jpeg 400w\" sizes=\"(max-width: 300px) 100vw, 300px\" \/><\/p>\n<p>Vincent Carret est doctorant \u00e0 l&#8217;Universit\u00e9 Lumi\u00e8re Lyon 2, o\u00f9 il travaille sur l&#8217;histoire de la macro\u00e9conomie. Sa th\u00e8se porte sur diff\u00e9rentes approches de la stabilit\u00e9 dans les mod\u00e8les de l&#8217;entre-deux-guerres \u00e0 l&#8217;apr\u00e8s-guerre. L&#8217;un de ses objectifs est de rendre les mod\u00e8les de cette \u00e9poque plus accessibles gr\u00e2ce \u00e0 l&#8217;utilisation de simulations informatiques. Il a d\u00e9j\u00e0 publi\u00e9 des articles dans la <em>Revue d&#8217;\u00c9conomie Politique<\/em> (en collaboration avec Micha\u00ebl Assous, Muriel Dal Pont Legrand et Olivier Bruno), le <em>European Journal of the History of Economic Thought<\/em> (en collaboration avec Micha\u00ebl Assous) et le <i>Journal of the History of Economic Thought<\/i>. Vincent Carret est chercheur invit\u00e9 au HOPE Center de l&#8217;Universit\u00e9 Duke pour l&#8217;ann\u00e9e 2021-2022.<\/p>\n<p>&nbsp;<\/p>\n<p>E-mail: vincent.carret@univ-lyon2.fr<\/p>\n<p><img loading=\"lazy\" decoding=\"async\" class=\"size-medium wp-image-1041 alignleft\" src=\"https:\/\/www.economic-instability.com\/wp-content\/uploads\/2024\/06\/1697107587854-1-300x300.jpeg\" alt=\"\" width=\"300\" height=\"300\" srcset=\"https:\/\/www.economic-instability.com\/wp-content\/uploads\/2024\/06\/1697107587854-1-300x300.jpeg 300w, https:\/\/www.economic-instability.com\/wp-content\/uploads\/2024\/06\/1697107587854-1-150x150.jpeg 150w, https:\/\/www.economic-instability.com\/wp-content\/uploads\/2024\/06\/1697107587854-1-768x768.jpeg 768w, https:\/\/www.economic-instability.com\/wp-content\/uploads\/2024\/06\/1697107587854-1.jpeg 800w\" sizes=\"(max-width: 300px) 100vw, 300px\" \/>Sim\u00e9on ZEBINA est \u00e9tudiant en master d&#8217;\u00e9conomie \u00e0 l&#8217;ENS de Lyon. Il \u00e9tudie principalement l&#8217;\u00e9conom\u00e9trie, l&#8217;histoire \u00e9conomique et l&#8217;histoire de la pens\u00e9e \u00e9conomique. Il r\u00e9alise un stage de recherche au printemps 2024 au sein de l&#8217;\u00e9quipe Triangle (CNRS) sous la supervision de Micha\u00ebl Assous. Il participe \u00e0 la mise \u00e0 jour du site et \u00e0 sa promotion sur les r\u00e9seaux sociaux<\/p>\n<p>E-mail: simeon.zebina@ens-lyon.fr<\/p>\n","protected":false},"excerpt":{"rendered":"<p>Micha\u00ebl Assous est professeur d&#8217;\u00e9conomie \u00e0 l&#8217;Universit\u00e9 Lumi\u00e8re Lyon 2, France. Il coordonne depuis 2017 le p\u00f4le de recherche consacr\u00e9e&hellip;<\/p>\n","protected":false},"author":1,"featured_media":0,"parent":0,"menu_order":0,"comment_status":"closed","ping_status":"closed","template":"","meta":{"_monsterinsights_skip_tracking":false,"_monsterinsights_sitenote_active":false,"_monsterinsights_sitenote_note":"","_monsterinsights_sitenote_category":0,"ngg_post_thumbnail":0,"footnotes":""},"_links":{"self":[{"href":"https:\/\/www.economic-instability.com\/index.php?rest_route=\/wp\/v2\/pages\/326"}],"collection":[{"href":"https:\/\/www.economic-instability.com\/index.php?rest_route=\/wp\/v2\/pages"}],"about":[{"href":"https:\/\/www.economic-instability.com\/index.php?rest_route=\/wp\/v2\/types\/page"}],"author":[{"embeddable":true,"href":"https:\/\/www.economic-instability.com\/index.php?rest_route=\/wp\/v2\/users\/1"}],"replies":[{"embeddable":true,"href":"https:\/\/www.economic-instability.com\/index.php?rest_route=%2Fwp%2Fv2%2Fcomments&post=326"}],"version-history":[{"count":6,"href":"https:\/\/www.economic-instability.com\/index.php?rest_route=\/wp\/v2\/pages\/326\/revisions"}],"predecessor-version":[{"id":1044,"href":"https:\/\/www.economic-instability.com\/index.php?rest_route=\/wp\/v2\/pages\/326\/revisions\/1044"}],"wp:attachment":[{"href":"https:\/\/www.economic-instability.com\/index.php?rest_route=%2Fwp%2Fv2%2Fmedia&parent=326"}],"curies":[{"name":"wp","href":"https:\/\/api.w.org\/{rel}","templated":true}]}}

<p><img loading="lazy" decoding="async" class="size-medium wp-image-1043 alignleft" src="https://www.economic-instability.com/wp-content/uploads/2024/06/M-assous-1-300x200.jpeg" alt="" width="300" height="200" srcset="https://www.economic-instability.com/wp-content/uploads/2024/06/M-assous-1-300x200.jpeg 300w, https://www.economic-instability.com/wp-content/uploads/2024/06/M-assous-1.jpeg 400w" sizes="(max-width: 300px) 100vw, 300px" />Michaël Assous est professeur d&#8217;économie à l&#8217;Université Lumière Lyon 2, France. Il coordonne depuis 2017 le pôle de recherche consacrée à l&#8217;histoire de l&#8217;économie à Triangle, dont la mission est de promouvoir et de soutenir la recherche et l&#8217;enseignement de l&#8217;histoire de l&#8217;économie en France. Ses principaux intérêts de recherche portent sur l&#8217;histoire de la macroéconomie. Ses travaux antérieurs, dont une grande partie portait sur l&#8217;économiste polonais Michal Kalecki, abordaient les composantes analytiques de l&#8217;économie. Son année passée au HOPE Center en 2012-2013 lui a offert une nouvelle expérience dans ses travaux sur l&#8217;histoire de l&#8217;économie. Depuis lors, profitant des archives visitées lors de son séjour, il utilise ces documents dans ses projets de recherche, qui traitent de l&#8217;instabilité et de l&#8217;histoire récente de la macroéconomie, en prêtant attention aux articles de Robert Solow, Franco Modigliani, Oskar Lange et Paul Samuelson. En 2012, il a reçu le prix du jeune chercheur de l&#8217;ESHET (Société européenne d&#8217;histoire de la pensée économique). Plus d&#8217;informations peuvent être trouvées sur sa <a href="http://triangle.ens-lyon.fr/spip.php?article7167">page officielle</a>.</p>
<p>&nbsp;</p>
<p>E-mail:​ michael.assous@univ-lyon2.fr</p>
<p><img loading="lazy" decoding="async" class="size-medium wp-image-1042 alignleft" src="https://www.economic-instability.com/wp-content/uploads/2024/06/V-Carret-1-300x225.jpeg" alt="" width="300" height="225" srcset="https://www.economic-instability.com/wp-content/uploads/2024/06/V-Carret-1-300x225.jpeg 300w, https://www.economic-instability.com/wp-content/uploads/2024/06/V-Carret-1.jpeg 400w" sizes="(max-width: 300px) 100vw, 300px" /></p>
<p>Vincent Carret est doctorant à l&#8217;Université Lumière Lyon 2, où il travaille sur l&#8217;histoire de la macroéconomie. Sa thèse porte sur différentes approches de la stabilité dans les modèles de l&#8217;entre-deux-guerres à l&#8217;après-guerre. L&#8217;un de ses objectifs est de rendre les modèles de cette époque plus accessibles grâce à l&#8217;utilisation de simulations informatiques. Il a déjà publié des articles dans la <em>Revue d&#8217;Économie Politique</em> (en collaboration avec Michaël Assous, Muriel Dal Pont Legrand et Olivier Bruno), le <em>European Journal of the History of Economic Thought</em> (en collaboration avec Michaël Assous) et le <i>Journal of the History of Economic Thought</i>. Vincent Carret est chercheur invité au HOPE Center de l&#8217;Université Duke pour l&#8217;année 2021-2022.</p>
<p>&nbsp;</p>
<p>E-mail: vincent.carret@univ-lyon2.fr</p>
<p><img loading="lazy" decoding="async" class="size-medium wp-image-1041 alignleft" src="https://www.economic-instability.com/wp-content/uploads/2024/06/1697107587854-1-300x300.jpeg" alt="" width="300" height="300" srcset="https://www.economic-instability.com/wp-content/uploads/2024/06/1697107587854-1-300x300.jpeg 300w, https://www.economic-instability.com/wp-content/uploads/2024/06/1697107587854-1-150x150.jpeg 150w, https://www.economic-instability.com/wp-content/uploads/2024/06/1697107587854-1-768x768.jpeg 768w, https://www.economic-instability.com/wp-content/uploads/2024/06/1697107587854-1.jpeg 800w" sizes="(max-width: 300px) 100vw, 300px" />Siméon ZEBINA est étudiant en master d&#8217;économie à l&#8217;ENS de Lyon. Il étudie principalement l&#8217;économétrie, l&#8217;histoire économique et l&#8217;histoire de la pensée économique. Il réalise un stage de recherche au printemps 2024 au sein de l&#8217;équipe Triangle (CNRS) sous la supervision de Michaël Assous. Il participe à la mise à jour du site et à sa promotion sur les réseaux sociaux</p>
<p>E-mail: simeon.zebina@ens-lyon.fr</p>

<p>Michaël Assous est professeur d&#8217;économie à l&#8217;Université Lumière Lyon 2, France. Il coordonne depuis 2017 le pôle de recherche consacrée&hellip;</p>
