{"id":895,"date":"2024-06-04T09:45:11","date_gmt":"2024-06-04T09:45:11","guid":{"rendered":"https:\/\/www.economic-instability.com\/?page_id=895"},"modified":"2024-06-05T07:35:43","modified_gmt":"2024-06-05T07:35:43","slug":"chzpter-3","status":"publish","type":"page","link":"https:\/\/www.economic-instability.com\/?page_id=895","title":{"rendered":"Chapter 3 &#8211; Oscillations de relaxation dans les premiers d\u00e9veloppements de l&#8217;Econom\u00e9trie: une piste abandonn\u00e9e"},"content":{"rendered":"<p>Ce chapitre est d\u00e9di\u00e9 \u00e0 une approche qui a \u00e9t\u00e9 temporairement envisag\u00e9e mais qui fut rapidement abandonn\u00e9e. La pr\u00e9sentation des raisons de l&#8217;abandon de cette approche offre un point de comparaison int\u00e9ressant pour comprendre certains d\u00e9veloppements ult\u00e9rieurs.<\/p>\n<p>Comment les premiers contributeurs ont-ils pris en compte le r\u00f4le<strong> des chocs et des perturbations exog\u00e8nes ?<\/strong> Ludwig Hamburger plaide pour l&#8217;utilisation <strong>d&#8217;oscillations de relaxation<\/strong> fond\u00e9es sur des \u00e9quations non lin\u00e9aires particuli\u00e8res d\u00e9velopp\u00e9es par le physicien hollandais Balthasar Van der Pol, qui voit dans ces \u00e9quations une possibilit\u00e9 d&#8217;expliquer des cycles auto-entretenus et irr\u00e9guliers.<\/p>\n<p>D&#8217;autres grands \u00e9conomistes se sont int\u00e9ress\u00e9s \u00e0 ce concept. Le Norv\u00e9gien Ragnar Frisch, l&#8217;\u00e9conomiste math\u00e9maticien fran\u00e7ais Fran\u00e7ois Divisia. Tous deux d\u00e9cident d&#8217;inviter le physicien Philippe Le Corbeiller, \u00e9galement impliqu\u00e9 dans l&#8217;\u00e9tude des syst\u00e8mes oscillatoires auto-entretenus, \u00e0 la premi\u00e8re r\u00e9union europ\u00e9enne de la Soci\u00e9t\u00e9 d&#8217;Econom\u00e9trie en 1931.<\/p>\n<p>Cet \u00e9pisode r\u00e9v\u00e8le que dans la recherche de nouveaux outils math\u00e9matiques \u00e0 m\u00eame de repr\u00e9senter des m\u00e9canismes \u00e9conomiques, l&#8217;analyse \u00e9conomique prime sur le formalisme math\u00e9matique. Si l&#8217;attention se porte en d\u00e9finitive sur Tinbergen et moins sur Hamburger, c&#8217;est tr\u00e8s probablement parce que ce dernier ne r\u00e9ussit pas \u00e0 d\u00e9passer le stade de l&#8217;analogie alors que Tinbergen r\u00e9ussit \u00e0 relier les \u00e9quations (mixtes en diff\u00e9rence et diff\u00e9rentielle) qu&#8217;il introduit \u00e0 des m\u00e9canismes \u00e9conomiques pr\u00e9cis.<\/p>\n<h4>Posts dans cette section:<\/h4>\n<p>[chapter 3 posts]<\/p>\n<p>&nbsp;<\/p>\n<blockquote class=\"wp-embedded-content\" data-secret=\"FgKbmsO2Sg\"><p><a href=\"https:\/\/www.economic-instability.com\/?p=198\">Coming (almost) full circle: Relaxation oscillations in the early development of econometrics (1929-1951)<\/a><\/p><\/blockquote>\n<p><iframe class=\"wp-embedded-content\" sandbox=\"allow-scripts\" security=\"restricted\" style=\"position: absolute; clip: rect(1px, 1px, 1px, 1px);\" title=\"&#8220;Coming (almost) full circle: Relaxation oscillations in the early development of econometrics (1929-1951)&#8221; &#8212; Economic (In)stability\" src=\"https:\/\/www.economic-instability.com\/?p=198&#038;embed=true#?secret=uscGIrVxGX#?secret=FgKbmsO2Sg\" data-secret=\"FgKbmsO2Sg\" width=\"600\" height=\"338\" frameborder=\"0\" marginwidth=\"0\" marginheight=\"0\" scrolling=\"no\"><\/iframe><\/p>\n","protected":false},"excerpt":{"rendered":"<p>Ce chapitre est d\u00e9di\u00e9 \u00e0 une approche qui a \u00e9t\u00e9 temporairement envisag\u00e9e mais qui fut rapidement abandonn\u00e9e. La pr\u00e9sentation des&hellip;<\/p>\n","protected":false},"author":2,"featured_media":0,"parent":0,"menu_order":0,"comment_status":"closed","ping_status":"closed","template":"","meta":{"_monsterinsights_skip_tracking":false,"_monsterinsights_sitenote_active":false,"_monsterinsights_sitenote_note":"","_monsterinsights_sitenote_category":0,"ngg_post_thumbnail":0,"footnotes":""},"_links":{"self":[{"href":"https:\/\/www.economic-instability.com\/index.php?rest_route=\/wp\/v2\/pages\/895"}],"collection":[{"href":"https:\/\/www.economic-instability.com\/index.php?rest_route=\/wp\/v2\/pages"}],"about":[{"href":"https:\/\/www.economic-instability.com\/index.php?rest_route=\/wp\/v2\/types\/page"}],"author":[{"embeddable":true,"href":"https:\/\/www.economic-instability.com\/index.php?rest_route=\/wp\/v2\/users\/2"}],"replies":[{"embeddable":true,"href":"https:\/\/www.economic-instability.com\/index.php?rest_route=%2Fwp%2Fv2%2Fcomments&post=895"}],"version-history":[{"count":4,"href":"https:\/\/www.economic-instability.com\/index.php?rest_route=\/wp\/v2\/pages\/895\/revisions"}],"predecessor-version":[{"id":905,"href":"https:\/\/www.economic-instability.com\/index.php?rest_route=\/wp\/v2\/pages\/895\/revisions\/905"}],"wp:attachment":[{"href":"https:\/\/www.economic-instability.com\/index.php?rest_route=%2Fwp%2Fv2%2Fmedia&parent=895"}],"curies":[{"name":"wp","href":"https:\/\/api.w.org\/{rel}","templated":true}]}}