{"id":913,"date":"2024-06-05T13:10:28","date_gmt":"2024-06-05T13:10:28","guid":{"rendered":"https:\/\/www.economic-instability.com\/?page_id=913"},"modified":"2024-06-05T13:10:28","modified_gmt":"2024-06-05T13:10:28","slug":"chapitre-4-la-macro-dynamique-de-frisch-stabilite-intrinseque-et-chocs","status":"publish","type":"page","link":"https:\/\/www.economic-instability.com\/?page_id=913","title":{"rendered":"Chapitre 4 &#8211; La macro-dynamique de Frisch: stabilit\u00e9 intrins\u00e8que et chocs"},"content":{"rendered":"<p>Ce chapitre est d\u00e9di\u00e9 \u00e0 Ragnar Frisch et \u00e0 son approche \u00e9conomique des cycles \u00e9conomiques, d\u00e9velopp\u00e9e de la fin des ann\u00e9es 1920 au d\u00e9but des ann\u00e9es 1930. Initialement d\u00e9velopp\u00e9e en vu d&#8217;\u00e9tudier l&#8217;effet de la<strong> d\u00e9pr\u00e9ciation du capital<\/strong> sur <strong>l&#8217;activit\u00e9 d&#8217;investissement<\/strong>, cette approche suscite l&#8217;int\u00e9r\u00eat de nombreux \u00e9conomistes et notamment de John Maurice Clark. Sur cette base, Frisch d\u00e9veloppe un m\u00e9canisme de propagation int\u00e9grant les derni\u00e8res recherches sur <strong>l&#8217;acc\u00e9l\u00e9rateur<\/strong> et les<strong> cycles de r\u00e9investissement<\/strong>, \u00e0 partir duquel il construit un mod\u00e8le de fluctuations. L&#8217;int\u00e9r\u00eat de Frisch pour le travail empirique et statistique le conduit \u00e0 aborder les fluctuations \u00e9conomiques par la <strong>d\u00e9composition harmonique des s\u00e9ries chronologiques<\/strong>.<\/p>\n<p>Ces travaux ont eu un impact limit\u00e9, mais ils ont conduit Frisch \u00e0 adopter une nouvelle perspective sur les m\u00e9canismes responsables des <strong>cycles \u00e9conomiques<\/strong>. D\u00e9sormais, au lieu de chercher \u00e0 d\u00e9composer les s\u00e9ries chronologiques, il s&#8217;efforce de trouver un m\u00e9canisme capable de produire diff\u00e9rents cycles qui, une fois agr\u00e9g\u00e9s, poss\u00e8dent les propri\u00e9t\u00e9s d&#8217;une harmonique changeante.<\/p>\n<p>Ces id\u00e9es sont r\u00e9unies gr\u00e2ce \u00e0 l&#8217;utilisation d&#8217;\u00e9quations mixtes en diff\u00e9rences et diff\u00e9rentielles, introduites par Tinbergen (<a href=\"https:\/\/www.economic-instability.com\/wp-admin\/post.php?post=893&amp;action=edit\">voir chapitre 2<\/a>). Tinbergen d\u00e9montre que ces \u00e9quations peuvent g\u00e9n\u00e9rer une infinit\u00e9 de cycles, se diff\u00e9renciant les uns des autres par leur p\u00e9riode et leur degr\u00e9 d&#8217;amortissement. Frisch approfondit cette piste et construit un m\u00e9canisme de propagation fortement amorti, ce qui le conduit \u00e0 accorder un r\u00f4le central aux chocs, s&#8217;assurant que l&#8217;\u00e9quilibre ne sera jamais atteint et que le cycle continuera \u00e0 fluctuer. En revenant sur les propri\u00e9t\u00e9s math\u00e9matiques de son mod\u00e8le et le r\u00e9sultat de la superposition des chocs sur son m\u00e9canisme de propagation, il est finalement possible de montrer que le mod\u00e8le de Frisch peut fluctuer m\u00eame si le m\u00e9canisme de propagation n&#8217;est pas oscillant.<\/p>\n<h4>Posts dans cette section:<\/h4>\n<p>[chapitre 4 posts]<\/p>\n<p><a href=\"https:\/\/vincentcarret.com\/articles\/Frisch-1933\/\">lien<\/a> vers le post<em>&nbsp;Simulation and decomposition of Ragnar Frisch\u2019s rocking horse model (1933)<\/em> de Vincent Carret&nbsp;<\/p>\n","protected":false},"excerpt":{"rendered":"<p>Ce chapitre est d\u00e9di\u00e9 \u00e0 Ragnar Frisch et \u00e0 son approche \u00e9conomique des cycles \u00e9conomiques, d\u00e9velopp\u00e9e de la fin des&hellip;<\/p>\n","protected":false},"author":2,"featured_media":0,"parent":0,"menu_order":0,"comment_status":"closed","ping_status":"closed","template":"","meta":{"_monsterinsights_skip_tracking":false,"_monsterinsights_sitenote_active":false,"_monsterinsights_sitenote_note":"","_monsterinsights_sitenote_category":0,"ngg_post_thumbnail":0,"footnotes":""},"_links":{"self":[{"href":"https:\/\/www.economic-instability.com\/index.php?rest_route=\/wp\/v2\/pages\/913"}],"collection":[{"href":"https:\/\/www.economic-instability.com\/index.php?rest_route=\/wp\/v2\/pages"}],"about":[{"href":"https:\/\/www.economic-instability.com\/index.php?rest_route=\/wp\/v2\/types\/page"}],"author":[{"embeddable":true,"href":"https:\/\/www.economic-instability.com\/index.php?rest_route=\/wp\/v2\/users\/2"}],"replies":[{"embeddable":true,"href":"https:\/\/www.economic-instability.com\/index.php?rest_route=%2Fwp%2Fv2%2Fcomments&post=913"}],"version-history":[{"count":3,"href":"https:\/\/www.economic-instability.com\/index.php?rest_route=\/wp\/v2\/pages\/913\/revisions"}],"predecessor-version":[{"id":934,"href":"https:\/\/www.economic-instability.com\/index.php?rest_route=\/wp\/v2\/pages\/913\/revisions\/934"}],"wp:attachment":[{"href":"https:\/\/www.economic-instability.com\/index.php?rest_route=%2Fwp%2Fv2%2Fmedia&parent=913"}],"curies":[{"name":"wp","href":"https:\/\/api.w.org\/{rel}","templated":true}]}}