{"id":921,"date":"2024-06-05T13:56:49","date_gmt":"2024-06-05T13:56:49","guid":{"rendered":"https:\/\/www.economic-instability.com\/?page_id=921"},"modified":"2024-06-07T12:49:31","modified_gmt":"2024-06-07T12:49:31","slug":"chapitre-7-cycles-economiques-pump-priming-et-role-des-depenses-publiques","status":"publish","type":"page","link":"https:\/\/www.economic-instability.com\/?page_id=921","title":{"rendered":"Chapitre 7 &#8211; Cycles \u00e9conomiques, &#8220;Pump-Priming&#8221; et r\u00f4le des d\u00e9penses publiques"},"content":{"rendered":"<p style=\"text-align: left;\">Ce chapitre est d\u00e9di\u00e9 aux d\u00e9bats autour de la notion de multiplicateur et de la possibilit\u00e9 de &#8220;stimuler&#8221; l&#8217;\u00e9conomie (<strong>pump priming<\/strong>), qui prennent une grande importance avec la crise \u00e9conomique am\u00e9ricaine de 1937-1938.<\/p>\n<p style=\"text-align: left;\">C&#8217;est dans ce contexte que l&#8217;\u00e9tude de l&#8217;interaction entre l&#8217;acc\u00e9l\u00e9rateur et le multiplicateur conduit \u00e0 l&#8217;un des mod\u00e8les de cycle \u00e9conomique les plus connus, le mod\u00e8le <strong>multiplicateur-acc\u00e9l\u00e9rateur <\/strong>de Paul Anthony Samuelson. Samuelson \u00e9labore ce mod\u00e8le \u00e0 la suite de discussions avec Alvin Hansen, un mod\u00e8le qu&#8217;il voit comme la continuit\u00e9 du d\u00e9bat Clark-Frisch (<a href=\"https:\/\/www.economic-instability.com\/wp-admin\/post.php?post=913&amp;action=edit\">voir chapitre 4<\/a>) et une introduction \u00e0 l&#8217;analyse macro-dynamique de Tinbergen. Il pr\u00e9sente un mod\u00e8le math\u00e9matique enti\u00e8rement fonctionnel, int\u00e9grant deux des m\u00e9canismes les plus centraux de la dynamique \u00e9conomique, en le compl\u00e9tant par des simulations num\u00e9riques et l&#8217;identification de diff\u00e9rentes r\u00e9gions de stabilit\u00e9 bas\u00e9es sur deux param\u00e8tres cl\u00e9s : <strong>la propension marginale \u00e0 consommer<\/strong> et <strong>la propension marginale \u00e0 investir.<\/strong><\/p>\n<p>\u00c0 l&#8217;instar des mod\u00e8les d\u00e9velopp\u00e9s par Kalecki, Tinbergen et Frisch, ce mod\u00e8le porte une vision sp\u00e9cifique dont l&#8217;originalit\u00e9 est de donner un r\u00f4le particulier aux d\u00e9penses publiques, une vision profond\u00e9ment enracin\u00e9e dans les \u00e9v\u00e9nements \u00e9conomiques de la fin des ann\u00e9es 1930. Cette vision est directement li\u00e9e aux travaux de Hansen d\u00e9velopp\u00e9s \u00e0 cette \u00e9poque et \u00e0 son explication de la r\u00e9cession soudaine de 1937, ainsi qu&#8217;aux d\u00e9bats entourant le r\u00f4le de la politique budg\u00e9taire en tant que <strong>mesure contracyclique, outil de stimulation ou rem\u00e8de permanent.<\/strong> \u00c0 une \u00e9poque o\u00f9 les effets des d\u00e9penses publiques sont discut\u00e9s en relation avec l&#8217;effet d&#8217;\u00e9viction des taux d&#8217;int\u00e9r\u00eat, Samuelson se concentre sur de nouveaux m\u00e9canismes responsables des d\u00e9pressions.<\/p>\n<blockquote class=\"wp-embedded-content\" data-secret=\"CPm2x5mMqW\"><p><a href=\"https:\/\/www.economic-instability.com\/?p=573\">Schelling s&#8217;attaque au dogme de la stabilit\u00e9 de Samuelson<\/a><\/p><\/blockquote>\n<p><iframe class=\"wp-embedded-content\" sandbox=\"allow-scripts\" security=\"restricted\" style=\"position: absolute; clip: rect(1px, 1px, 1px, 1px);\" title=\"&#8220;Schelling s&#8217;attaque au dogme de la stabilit\u00e9 de Samuelson&#8221; &#8212; Economic (In)stability\" src=\"https:\/\/www.economic-instability.com\/?p=573&#038;embed=true#?secret=WGgt9DTPiA#?secret=CPm2x5mMqW\" data-secret=\"CPm2x5mMqW\" width=\"600\" height=\"338\" frameborder=\"0\" marginwidth=\"0\" marginheight=\"0\" scrolling=\"no\"><\/iframe><\/p>\n<blockquote class=\"wp-embedded-content\" data-secret=\"EUUDoJu38R\"><p><a href=\"https:\/\/www.economic-instability.com\/?p=630\">The Amazing Alvin Hansen &#8211; Part 2\/2 : 1938-1965<\/a><\/p><\/blockquote>\n<p><iframe class=\"wp-embedded-content\" sandbox=\"allow-scripts\" security=\"restricted\" style=\"position: absolute; clip: rect(1px, 1px, 1px, 1px);\" title=\"\u00ab\u00a0The Amazing Alvin Hansen &#8211; Part 2\/2 : 1938-1965\u00a0\u00bb &#8212; (In)stabilit\u00e9 \u00c9conomique\" src=\"https:\/\/www.economic-instability.com\/?p=630&#038;embed=true#?secret=3GKarebTJ1#?secret=EUUDoJu38R\" data-secret=\"EUUDoJu38R\" width=\"600\" height=\"338\" frameborder=\"0\" marginwidth=\"0\" marginheight=\"0\" scrolling=\"no\"><\/iframe><\/p>\n<blockquote class=\"wp-embedded-content\" data-secret=\"sjCnTJvSPn\"><p><a href=\"https:\/\/www.economic-instability.com\/?p=1056\">Amorcer la pompe: les le\u00e7ons du mod\u00e8le acc\u00e9l\u00e9rateur-multiplicateur de Samuelson de 1939<\/a><\/p><\/blockquote>\n<p><iframe class=\"wp-embedded-content\" sandbox=\"allow-scripts\" security=\"restricted\" style=\"position: absolute; clip: rect(1px, 1px, 1px, 1px);\" title=\"&#8220;Amorcer la pompe: les le\u00e7ons du mod\u00e8le acc\u00e9l\u00e9rateur-multiplicateur de Samuelson de 1939&#8221; &#8212; (In)stabilit\u00e9 \u00c9conomique\" src=\"https:\/\/www.economic-instability.com\/?p=1056&#038;embed=true#?secret=wvr3b4TnvM#?secret=sjCnTJvSPn\" data-secret=\"sjCnTJvSPn\" width=\"600\" height=\"338\" frameborder=\"0\" marginwidth=\"0\" marginheight=\"0\" scrolling=\"no\"><\/iframe><\/p>\n","protected":false},"excerpt":{"rendered":"<p>Ce chapitre est d\u00e9di\u00e9 aux d\u00e9bats autour de la notion de multiplicateur et de la possibilit\u00e9 de &#8220;stimuler&#8221; l&#8217;\u00e9conomie (pump&hellip;<\/p>\n","protected":false},"author":2,"featured_media":0,"parent":0,"menu_order":0,"comment_status":"closed","ping_status":"closed","template":"","meta":{"_monsterinsights_skip_tracking":false,"_monsterinsights_sitenote_active":false,"_monsterinsights_sitenote_note":"","_monsterinsights_sitenote_category":0,"ngg_post_thumbnail":0,"footnotes":""},"_links":{"self":[{"href":"https:\/\/www.economic-instability.com\/index.php?rest_route=\/wp\/v2\/pages\/921"}],"collection":[{"href":"https:\/\/www.economic-instability.com\/index.php?rest_route=\/wp\/v2\/pages"}],"about":[{"href":"https:\/\/www.economic-instability.com\/index.php?rest_route=\/wp\/v2\/types\/page"}],"author":[{"embeddable":true,"href":"https:\/\/www.economic-instability.com\/index.php?rest_route=\/wp\/v2\/users\/2"}],"replies":[{"embeddable":true,"href":"https:\/\/www.economic-instability.com\/index.php?rest_route=%2Fwp%2Fv2%2Fcomments&post=921"}],"version-history":[{"count":4,"href":"https:\/\/www.economic-instability.com\/index.php?rest_route=\/wp\/v2\/pages\/921\/revisions"}],"predecessor-version":[{"id":1098,"href":"https:\/\/www.economic-instability.com\/index.php?rest_route=\/wp\/v2\/pages\/921\/revisions\/1098"}],"wp:attachment":[{"href":"https:\/\/www.economic-instability.com\/index.php?rest_route=%2Fwp%2Fv2%2Fmedia&parent=921"}],"curies":[{"name":"wp","href":"https:\/\/api.w.org\/{rel}","templated":true}]}}